ivisor of 25 and 83823950?
25
What is the highest common factor of 99954600 and 900?
300
Calculate the highest common divisor of 6586 and 2019349.
37
What is the highest common factor of 75575 and 38845?
5
Calculate the highest common factor of 47551000 and 225.
25
Calculate the greatest common factor of 34028616 and 38664.
4296
What is the highest common factor of 75 and 15671340?
15
What is the greatest common factor of 541926 and 40480?
506
Calculate the greatest common divisor of 15024 and 138448.
16
Calculate the highest common divisor of 18451663 and 52244.
353
What is the highest common divisor of 3322 and 811474?
302
What is the greatest common divisor of 3860 and 9336?
4
What is the highest common factor of 3745924 and 187124?
1148
What is the greatest common factor of 272 and 42605468?
68
Calculate the highest common factor of 9 and 143113833.
9
Calculate the highest common divisor of 11352209 and 15317.
289
Calculate the greatest common factor of 5012202 and 31434.
1014
Calculate the greatest common factor of 56696 and 2840.
8
What is the greatest common factor of 4639824 and 4662?
126
What is the highest common factor of 17111 and 435005?
241
Calculate the highest common divisor of 340714 and 17204.
374
Calculate the highest common divisor of 3136357892 and 11342.
11342
Calculate the highest common divisor of 83182 and 555104.
418
Calculate the highest common divisor of 6204 and 469069964.
2068
What is the greatest common divisor of 3406 and 13822334?
262
Calculate the greatest common divisor of 21470 and 84746384.
4294
What is the greatest common divisor of 5445231 and 2355?
471
What is the highest common factor of 15882 and 161940813?
7941
What is the greatest common factor of 5069536 and 296?
8
What is the highest common factor of 266544530 and 280?
70
Calculate the highest common divisor of 345767 and 6931.
29
What is the greatest common factor of 137460 and 42340?
580
What is the greatest common factor of 8109 and 155873?
901
Calculate the highest common factor of 112 and 598611328.
112
What is the highest common factor of 4876 and 120210466?
2438
Calculate the greatest common factor of 8 and 48405682.
2
What is the highest common divisor of 649422 and 2281806?
1962
Calculate the greatest common divisor of 825181420 and 140.
140
Calculate the greatest common factor of 57 and 2658708.
57
Calculate the highest common divisor of 9715320 and 900.
180
Calculate the greatest common factor of 3074400 and 120288.
672
Calculate the greatest common factor of 5592705 and 165.
15
What is the highest common divisor of 247380 and 13392?
372
Calculate the highest common factor of 2520 and 699230.
70
What is the highest common factor of 1605 and 4781830?
535
What is the greatest common divisor of 10615232 and 25568?
1504
Calculate the greatest common factor of 114896308 and 18337.
1667
What is the highest common divisor of 26 and 3947100742?
26
Calculate the highest common divisor of 258620 and 1140.
20
Calculate the greatest common divisor of 5409 and 25223369.
601
Calculate the highest common divisor of 9995190 and 15045.
885
Calculate the highest common factor of 1280 and 39050560.
320
Calculate the highest common divisor of 3087 and 5233347.
441
Calculate the highest common divisor of 16239106 and 283.
283
What is the highest common factor of 192 and 24650912?
32
What is the greatest common divisor of 1754613322 and 66?
22
Calculate the greatest common divisor of 25655082 and 15630.
3126
What is the greatest common divisor of 213 and 93711?
3
Calculate the greatest common divisor of 2208 and 161070288.
1104
Calculate the highest common factor of 4784 and 13101881.
299
Calculate the highest common divisor of 8 and 62959176.
8
What is the greatest common divisor of 17342500 and 23750?
1250
Calculate the highest common factor of 1019388 and 7296.
228
What is the greatest common factor of 52 and 240980?
4
Calculate the highest common factor of 13295427 and 696.
87
What is the highest common divisor of 253482105 and 21105?
1005
Calculate the greatest common factor of 1967 and 5388737.
281
What is the highest common divisor of 665 and 48621475?
665
Calculate the greatest common factor of 175 and 30309425.
25
Calculate the highest common factor of 1342663 and 1888.
59
Calculate the highest common divisor of 38487290 and 69730.
3670
What is the highest common divisor of 1016 and 122160284?
508
What is the highest common divisor of 25 and 7642380?
5
Calculate the highest common factor of 49031653 and 86.
43
Calculate the highest common factor of 18 and 30539634.
6
What is the highest common divisor of 5254 and 42174?
142
Calculate the highest common divisor of 6927864 and 432.
24
What is the highest common factor of 1078971680 and 6350?
1270
What is the greatest common factor of 1497243 and 130449?
1947
What is the highest common factor of 1437 and 1662051?
3
What is the greatest common divisor of 1399978068 and 6?
6
What is the highest common divisor of 125590423 and 21?
7
What is the highest common divisor of 77205 and 12945?
15
Calculate the greatest common factor of 1294137 and 1989.
117
What is the highest common factor of 1849365 and 10080?
315
What is the greatest common divisor of 28193076 and 369?
369
What is the greatest common divisor of 3195 and 129804685?
355
What is the greatest common factor of 61158435 and 2795?
65
Calculate the highest common divisor of 18940 and 3040.
20
What is the greatest common factor of 240 and 72188496?
48
What is the greatest common factor of 120393 and 225279?
9
What is the highest common divisor of 822808 and 7350?
98
What is the highest common factor of 22025565 and 60?
15
What is the greatest common factor of 2744 and 573985804?
1372
What is the greatest common factor of 3569488 and 208?
208
Calculate the highest common divisor of 4915827 and 1323.
441
Calculate the highest common divisor of 148230 and 435.
15
Calculate the greatest common divisor of 21753271 and 152.
19
Calculate the highest common factor of 221 and 1033253.
13
Calculate the highest common divisor of 1667529 and 12963.
87
Calculate the highest common divisor of 17200 and 8525200.
400
Calculate the greatest common divisor of 2444 and 360256.
52
Calculate the greatest common factor of 78951262 and 898.
898
What is the greatest common divisor of 336216 and 152688?
24
What is the greatest common factor of 1161612 and 1314?
18
What is the highest common factor of 2747520 and 432?
432
Calculate the greatest common factor of 16243758 and 378.
18
Calculate the greatest common factor of 8754 and 241334649.
4377
What is the greatest common factor of 33451920 and 459?
459
Calculate the highest common divisor of 43 and 378897295.
43
What is the greatest common factor of 660 and 871316820?
660
What is the greatest common divisor of 354 and 265588854?
354
What is the greatest common factor of 3411408 and 221?
13
What is the highest common divisor of 351 and 261669?
3
What is the highest common divisor of 57032955 and 2188?
547
What is the greatest common factor of 831 and 62867643?
831
What is the highest common divisor of 55 and 15769391?
11
Calculate the highest common factor of 2752024 and 374.
22
Calculate the highest common factor of 2528 and 5032616.
632
What is the highest common factor of 4140 and 566145?
1035
Calculate the greatest common divisor of 4326 and 2237366.
206
What is the greatest common divisor of 98 and 17352223?
49
What is the greatest common factor of 16454 and 1321697?
19
Calculate the greatest common divisor of 3531 and 5637.
3
What is the greatest common divisor of 4741 and 15508673?
431
Calculate the greatest common divisor of 335 and 6754935.
5
Calculate the highest common divisor of 121984 and 656.
16
Calculate the greatest common divisor of 2 and 66078496.
2
What is the highest common divisor of 27795 and 95591?
17
What is the highest common factor of 709 and 40060627?
709
What is the greatest common factor of 7866 and 444790?
38
What is the highest common divisor of 5481 and 22111369?
203
Calculate the highest common factor of 81 and 23568651.
81
Calculate the greatest common factor of 1121128592 and 16.
16
What is the greatest common factor of 16754414 and 3730?
746
What is the greatest common divisor of 2701 a